undred millions digit of 155708620?
1
What is the tens digit of 59487983?
8
What is the units digit of 1327770254?
4
What is the hundreds digit of 64728148?
1
What is the units digit of 609244019?
9
What is the millions digit of 49349577?
9
What is the hundred millions digit of 554689676?
5
What is the thousands digit of 6557199?
7
What is the hundred millions digit of 205022530?
2
What is the tens digit of 234588721?
2
What is the units digit of 3206106528?
8
What is the thousands digit of 181361700?
1
What is the millions digit of 448863836?
8
What is the ten millions digit of 253568293?
5
What is the hundred thousands digit of 89252180?
2
What is the ten thousands digit of 519478349?
7
What is the hundreds digit of 123210788?
7
What is the ten millions digit of 496899183?
9
What is the units digit of 252922481?
1
What is the millions digit of 77315930?
7
What is the ten millions digit of 3535257867?
3
What is the thousands digit of 171351757?
1
What is the thousands digit of 3508868121?
8
What is the millions digit of 3357121201?
7
What is the ten millions digit of 110849695?
1
What is the units digit of 109443580?
0
What is the millions digit of 133699791?
3
What is the units digit of 822622257?
7
What is the thousands digit of 686050932?
0
What is the ten thousands digit of 116140961?
4
What is the units digit of 173220292?
2
What is the hundred millions digit of 251389800?
2
What is the hundred thousands digit of 26576104?
5
What is the hundreds digit of 107857025?
0
What is the thousands digit of 1259446053?
6
What is the thousands digit of 140670945?
0
What is the tens digit of 1049558490?
9
What is the ten thousands digit of 866676088?
7
What is the ten thousands digit of 415218200?
1
What is the units digit of 1267168027?
7
What is the tens digit of 330015896?
9
What is the thousands digit of 98033806?
3
What is the units digit of 2831315942?
2
What is the hundred millions digit of 247857025?
2
What is the ten millions digit of 25241868?
2
What is the hundred thousands digit of 558677632?
6
What is the thousands digit of 97390922?
0
What is the hundreds digit of 173980542?
5
What is the millions digit of 58089159?
8
What is the units digit of 24037189?
9
What is the ten thousands digit of 1226795765?
9
What is the millions digit of 3094373769?
4
What is the ten millions digit of 44123133?
4
What is the thousands digit of 5949446239?
6
What is the units digit of 557734357?
7
What is the tens digit of 20349903?
0
What is the tens digit of 64665817?
1
What is the tens digit of 952109097?
9
What is the ten millions digit of 68558059?
6
What is the ten thousands digit of 47607003?
0
What is the ten millions digit of 10469602?
1
What is the millions digit of 197017537?
7
What is the ten thousands digit of 34281878?
8
What is the thousands digit of 369131002?
1
What is the hundreds digit of 7817455491?
4
What is the tens digit of 757332314?
1
What is the ten millions digit of 410142431?
1
What is the hundreds digit of 871190864?
8
What is the hundred millions digit of 1214093739?
2
What is the hundreds digit of 19771488?
4
What is the ten millions digit of 246247803?
4
What is the ten thousands digit of 177425483?
2
What is the hundred thousands digit of 957524890?
5
What is the ten millions digit of 350256054?
5
What is the hundreds digit of 5299442908?
9
What is the units digit of 3764936263?
3
What is the ten millions digit of 3053188691?
5
What is the hundreds digit of 641799701?
7
What is the tens digit of 140567166?
6
What is the hundred thousands digit of 5253950958?
9
What is the units digit of 19517123?
3
What is the hundreds digit of 10329138?
1
What is the tens digit of 146667348?
4
What is the ten millions digit of 282908358?
8
What is the hundreds digit of 148081709?
7
What is the hundreds digit of 38357855?
8
What is the units digit of 203175213?
3
What is the millions digit of 1482832811?
2
What is the hundreds digit of 6743957?
9
What is the hundred millions digit of 881547313?
8
What is the thousands digit of 24066938?
6
What is the hundred thousands digit of 3705189?
7
What is the tens digit of 24708192?
9
What is the hundred millions digit of 3766803728?
7
What is the millions digit of 6483438043?
3
What is the units digit of 88553661?
1
What is the tens digit of 32341872?
7
What is the hundred thousands digit of 52184167?
1
What is the units digit of 826270545?
5
What is the units digit of 389785371?
1
What is the units digit of 115236492?
2
What is the tens digit of 405662167?
6
What is the hundred thousands digit of 1016248558?
2
What is the thousands digit of 533250185?
0
What is the ten thousands digit of 2572906541?
0
What is the millions digit of 446430178?
6
What is the billions digit of 1804954963?
1
What is the ten thousands digit of 4113948155?
4
What is the hundred millions digit of 4987106916?
9
What is the ten millions digit of 2306479694?
0
What is the hundreds digit of 124883999?
9
What is the millions digit of 591580613?
1
What is the ten millions digit of 336911700?
3
What is the hundred thousands digit of 1325395427?
3
What is the tens digit of 5384068380?
8
What is the tens digit of 67313697?
9
What is the tens digit of 39573622?
2
What is the tens digit of 189388663?
6
What is the billions digit of 6103457528?
6
What is the ten thousands digit of 69462308?
6
What is the ten thousands digit of 1140683650?
8
What is the ten thousands digit of 251712415?
1
What is the ten thousands digit of 33381043?
8
What is the thousands digit of 73277844?
7
What is the thousands digit of 242632395?
2
What is the hundreds digit of 24358363?
3
What is the ten thousands digit of 480433302?
3
What is the units digit of 764234600?
0
What is the ten millions digit of 893531134?
9
What is the hundred millions digit of 1080322941?
0
What is the thousands digit of 3017284531?
4
What is the hundred millions digit of 585901312?
5
What is the tens digit of 379527914?
1
What is the ten thousands digit of 32522079?
2
What is the ten thousands digit of 9653667?
5
What is the units digit of 44639798?
8
What is the hundreds digit of 7667977705?
7
What is the units digit of 406591413?
3
What is the hundreds digit of 7044905439?
4
What is the ten thousands digit of 1571509906?
0
What is the hundreds digit of 131914821?
8
What is the millions digit of 178256600?
8
What is the hundred thousands digit of 610212198?
2
What is the hundred millions digit of 101987197?
1
What is the ten thousands digit of 39290982?
9
What is the ten thousands digit of 50097978?
9
What is the ten thousands digit of 648417212?
1
What is the ten millions digit of 409382824?
0
What is the tens digit of 5097249404?
0
What is the ten millions digit of 597776006?
9
What is the tens digit of 5427172051?
5
What is the hundred thousands digit of 65650693?
6
What is the ten thousands digit of 113890072?
9
What is the billions digit of 4779059550?
4
What is the ten millions digit of 89893833?
8
What is the ten thousands digit of 266846733?
4
What is the ten thousands digit of 79790413?
9
What is the tens digit of 83639728?
2
What is the thousands digit of 84572638?
2
What is the hundreds digit of 976168426?
4
What is the thousands digit of 100974498?
4
What is the thousands digit of 698619635?
9
What is the millions digit of 8805468?
8
What is the units digit of 32099115?
5
What is the ten thousands digit of 1794122381?
2
What is the units digit of 53298194?
4
What is the thousands digit of 4561121763?
1
What is the hundred thousands digit of 251440931?
4
What is the billions digit of 3347334967?
3
What is the tens digit of 163573379?
7
What is the billions digit of 2214972040?
2
What is the units digit of 11613752?
2
What is the hundreds digit of 7718115552?
5
What is the hundred thousands digit of 59475919?
4
What is the millions digit of 1145124743?
5
What is the thousands digit of 117966788?
6
What is the thousands digit of 928190933?
0
What is the millions digit of 237222510?
7
What is the thousands digit of 4027514575?
4
What is the thousands digit of 47344119?
4
What is the units digit of 267386100?
0
What is the ten millions digit of 2274514963?
7
What is the millions digit of 229923771?
9
What is the units digit of 291303755?
5
What is the units digit of 51